{"id":12,"date":"2024-03-01T16:57:26","date_gmt":"2024-03-01T16:57:26","guid":{"rendered":"https:\/\/vogt-it.ch\/ruppgunten\/?page_id=12"},"modified":"2024-03-12T14:19:12","modified_gmt":"2024-03-12T14:19:12","slug":"ruppgunten","status":"publish","type":"page","link":"https:\/\/ruppgunten.ch\/","title":{"rendered":"Ruppgunten"},"content":{"rendered":"\t\t<div data-elementor-type=\"wp-page\" data-elementor-id=\"12\" class=\"elementor elementor-12\" data-elementor-post-type=\"page\">\n\t\t\t\t<div class=\"elementor-element elementor-element-71ae40b e-flex e-con-boxed e-con e-parent\" data-id=\"71ae40b\" data-element_type=\"container\" data-settings=\"{&quot;background_background&quot;:&quot;classic&quot;,&quot;content_width&quot;:&quot;boxed&quot;}\" data-core-v316-plus=\"true\">\n\t\t\t\t\t<div class=\"e-con-inner\">\n\t\t<div class=\"elementor-element elementor-element-382db8dc e-con-full e-flex e-con e-child\" data-id=\"382db8dc\" data-element_type=\"container\" data-settings=\"{&quot;content_width&quot;:&quot;full&quot;}\">\n\t\t\t\t<div class=\"elementor-element elementor-element-7d108bb4 elementor-widget elementor-widget-heading\" data-id=\"7d108bb4\" data-element_type=\"widget\" data-widget_type=\"heading.default\">\n\t\t\t\t<div class=\"elementor-widget-container\">\n\t\t\t<style>\/*! elementor - v3.19.0 - 28-02-2024 *\/\n.elementor-heading-title{padding:0;margin:0;line-height:1}.elementor-widget-heading .elementor-heading-title[class*=elementor-size-]>a{color:inherit;font-size:inherit;line-height:inherit}.elementor-widget-heading .elementor-heading-title.elementor-size-small{font-size:15px}.elementor-widget-heading .elementor-heading-title.elementor-size-medium{font-size:19px}.elementor-widget-heading .elementor-heading-title.elementor-size-large{font-size:29px}.elementor-widget-heading .elementor-heading-title.elementor-size-xl{font-size:39px}.elementor-widget-heading .elementor-heading-title.elementor-size-xxl{font-size:59px}<\/style><h1 class=\"elementor-heading-title elementor-size-default\">\u201cAuf Wiedersehen und Danke!\u201d<\/h1>\t\t<\/div>\n\t\t\t\t<\/div>\n\t\t\t\t<div class=\"elementor-element elementor-element-2fe72bc0 elementor-widget elementor-widget-text-editor\" data-id=\"2fe72bc0\" data-element_type=\"widget\" data-widget_type=\"text-editor.default\">\n\t\t\t\t<div class=\"elementor-widget-container\">\n\t\t\t<style>\/*! elementor - v3.19.0 - 28-02-2024 *\/\n.elementor-widget-text-editor.elementor-drop-cap-view-stacked .elementor-drop-cap{background-color:#69727d;color:#fff}.elementor-widget-text-editor.elementor-drop-cap-view-framed .elementor-drop-cap{color:#69727d;border:3px solid;background-color:transparent}.elementor-widget-text-editor:not(.elementor-drop-cap-view-default) .elementor-drop-cap{margin-top:8px}.elementor-widget-text-editor:not(.elementor-drop-cap-view-default) .elementor-drop-cap-letter{width:1em;height:1em}.elementor-widget-text-editor .elementor-drop-cap{float:left;text-align:center;line-height:1;font-size:50px}.elementor-widget-text-editor .elementor-drop-cap-letter{display:inline-block}<\/style>\t\t\t\t<p>Wir haben unser Heiz\u00f6lgesch\u00e4ft aufgegeben und in Zukunft sind wir nur noch mit dem Lastschiff &#8222;Siegfried&#8220; unterwegs.<\/p><p>Wir m\u00f6chten uns bei unseren Kunden f\u00fcr ihre Treue und Unterst\u00fctzung bedanken. Wir haben unser Heiz\u00f6lgesch\u00e4ft mit einem weinenden Auge aufgegeben, aber wir sind dankbar f\u00fcr die vielen wunderbaren Erinnerungen, die wir zusammen geschaffen haben. Wir w\u00fcnschen Ihnen alles Gute f\u00fcr die Zukunft!<\/p>\t\t\t\t\t\t<\/div>\n\t\t\t\t<\/div>\n\t\t\t\t<div class=\"elementor-element elementor-element-eb6c07d elementor-widget elementor-widget-html\" data-id=\"eb6c07d\" data-element_type=\"widget\" data-widget_type=\"html.default\">\n\t\t\t\t<div class=\"elementor-widget-container\">\n\t\t\t<p style=\"font-family: Roboto Slab\">\r\n    Kontakt: \r\n<a href=\"mailto:info&commat;ruppgunten&period;ch\" \r\n    style=\"color: black\">info&commat;ruppgunten&period;ch<\/a>\r\n<\/p>\r\n\t\t<\/div>\n\t\t\t\t<\/div>\n\t\t\t\t<\/div>\n\t\t<div class=\"elementor-element elementor-element-31814f5d e-con-full e-flex e-con e-child\" data-id=\"31814f5d\" data-element_type=\"container\" data-settings=\"{&quot;content_width&quot;:&quot;full&quot;}\">\n\t\t\t\t<div class=\"elementor-element elementor-element-101104da elementor-widget elementor-widget-image\" data-id=\"101104da\" data-element_type=\"widget\" data-widget_type=\"image.default\">\n\t\t\t\t<div class=\"elementor-widget-container\">\n\t\t\t<style>\/*! elementor - v3.19.0 - 28-02-2024 *\/\n.elementor-widget-image{text-align:center}.elementor-widget-image a{display:inline-block}.elementor-widget-image a img[src$=\".svg\"]{width:48px}.elementor-widget-image img{vertical-align:middle;display:inline-block}<\/style>\t\t\t\t\t\t\t\t\t\t<img fetchpriority=\"high\" decoding=\"async\" width=\"350\" height=\"262\" src=\"https:\/\/ruppgunten.ch\/wp-content\/uploads\/2024\/03\/Nauentreffen_Siegfried-036.jpg\" class=\"attachment-full size-full wp-image-20\" alt=\"\" srcset=\"https:\/\/ruppgunten.ch\/wp-content\/uploads\/2024\/03\/Nauentreffen_Siegfried-036.jpg 350w, https:\/\/ruppgunten.ch\/wp-content\/uploads\/2024\/03\/Nauentreffen_Siegfried-036-300x225.jpg 300w\" sizes=\"(max-width: 350px) 100vw, 350px\" \/>\t\t\t\t\t\t\t\t\t\t\t\t\t<\/div>\n\t\t\t\t<\/div>\n\t\t\t\t<\/div>\n\t\t\t\t\t<\/div>\n\t\t\t\t<\/div>\n\t\t\t\t<\/div>\n\t\t","protected":false},"excerpt":{"rendered":"<p>\u201cAuf Wiedersehen und Danke!\u201d Wir haben unser Heiz\u00f6lgesch\u00e4ft aufgegeben und in Zukunft sind wir nur noch mit dem Lastschiff &#8222;Siegfried&#8220; unterwegs. Wir m\u00f6chten uns bei unseren Kunden f\u00fcr ihre Treue und Unterst\u00fctzung bedanken. Wir haben unser Heiz\u00f6lgesch\u00e4ft mit einem weinenden Auge aufgegeben, aber wir sind dankbar f\u00fcr die vielen wunderbaren Erinnerungen, die wir zusammen geschaffen [&hellip;]<\/p>\n","protected":false},"author":1,"featured_media":0,"parent":0,"menu_order":0,"comment_status":"closed","ping_status":"closed","template":"elementor_header_footer","meta":{"footnotes":""},"class_list":["post-12","page","type-page","status-publish","hentry"],"_links":{"self":[{"href":"https:\/\/ruppgunten.ch\/index.php\/wp-json\/wp\/v2\/pages\/12","targetHints":{"allow":["GET"]}}],"collection":[{"href":"https:\/\/ruppgunten.ch\/index.php\/wp-json\/wp\/v2\/pages"}],"about":[{"href":"https:\/\/ruppgunten.ch\/index.php\/wp-json\/wp\/v2\/types\/page"}],"author":[{"embeddable":true,"href":"https:\/\/ruppgunten.ch\/index.php\/wp-json\/wp\/v2\/users\/1"}],"replies":[{"embeddable":true,"href":"https:\/\/ruppgunten.ch\/index.php\/wp-json\/wp\/v2\/comments?post=12"}],"version-history":[{"count":23,"href":"https:\/\/ruppgunten.ch\/index.php\/wp-json\/wp\/v2\/pages\/12\/revisions"}],"predecessor-version":[{"id":48,"href":"https:\/\/ruppgunten.ch\/index.php\/wp-json\/wp\/v2\/pages\/12\/revisions\/48"}],"wp:attachment":[{"href":"https:\/\/ruppgunten.ch\/index.php\/wp-json\/wp\/v2\/media?parent=12"}],"curies":[{"name":"wp","href":"https:\/\/api.w.org\/{rel}","templated":true}]}}